tors of c.
3, 5
Let j(s) = -s**2 - 3*s + 46. What are the prime factors of j(0)?
2, 23
List the prime factors of 17/(-85) - 476/(-5).
5, 19
Let k(g) = 2*g**3 - 3*g**2 + g + 1. Let x be k(2). Suppose 2*f = x*f - 275. List the prime factors of f.
5, 11
Let j = -105 - -186. List the prime factors of j.
3
Let w(u) = -u + 3. Let c be w(0). Suppose -b - 2*v - 5 = 0, 0 = -c*b - v + 5*v - 5. What are the prime factors of (-1 - 45/b) + -1?
13
Let a(i) = -i + 52. List the prime factors of a(0).
2, 13
Suppose -2*d + 185 = 3*d. What are the prime factors of d?
37
Suppose 2*s + 5*h + 384 = 1015, -2*s = 3*h - 625. List the prime factors of s.
2, 7, 11
Let v be -5*(-2 - -2 - 1). Suppose -3*z + v*t = 7*t - 3, -t = z. What are the prime factors of z?
3
What are the prime factors of 0 - ((0 - 3) + -101)?
2, 13
Let g be (40/(-12))/((-2)/6). Suppose -25 + g = -f. List the prime factors of f.
3, 5
Let s(w) = -18*w**2 + 5*w + 1. Let k(n) = 17*n**2 - 4*n - 1. Let c(o) = 5*k(o) + 4*s(o). List the prime factors of c(-1).
2, 3
Let w(i) = -30*i**2 + 2*i - 1. Let k be w(1). Let x = k - -54. Suppose -x - 7 = -4*y. What are the prime factors of y?
2
Let x = -7 - -11. Suppose 25 = x*p - 3*t, p - 2*t - 9 - 1 = 0. Suppose a + 2*f - 28 = -9, 20 = p*f. List the prime factors of a.
3
Let h(p) = p**3 - 14*p**2 - 10*p - 13. List the prime factors of h(15).
2, 31
Let m = -28 + 49. What are the prime factors of m?
3, 7
Suppose 0*o - 4*o - 8 = 0. Let n = 14 - -6. Let j = n + o. List the prime factors of j.
2, 3
Let x(r) be the third derivative of -r**4/24 + 11*r**3/3 + 2*r**2. List the prime factors of x(10).
2, 3
Let r(n) = 11*n - 3 + 0 + 2. Suppose 2*j + 2 = -5*q + 9, -1 = -q. List the prime factors of r(j).
2, 5
Suppose 0 = 10*l - 14*l + 100. List the prime factors of l.
5
Suppose j - 6*j = 0. Suppose 2*l + 8 = -4*u, -4*l = 3*u - j*l - 4. What are the prime factors of u/(-5)*15/3?
2
Let h be (-32)/(-2)*(6 + -5). Suppose -h = -4*n - 0. List the prime factors of n.
2
Let x(q) = -q**3 - 11*q**2 + 5. Let v be x(-11). Suppose b = 5*r - 9, v*b - 2*r = 3*r + 35. What are the prime factors of b?
11
Suppose 0 = n + 3*n - 152. What are the prime factors of n?
2, 19
Let f(h) = 5*h**2 - 34*h - 15. Let z(u) = u**2 - 7*u - 3. Let m(a) = 2*f(a) - 11*z(a). Let l be m(9). Suppose 6*r - 24 = l*r. List the prime factors of r.
2
Let i(b) = -b + 1. Let y be (4/6)/(2/(-18)). Let g be i(y). Let f = g + 2. List the prime factors of f.
3
List the prime factors of (5/2 + -1)/(1/92).
2, 3, 23
Let x = -4 + 6. Suppose -4*m + x = -3*m. Suppose 2*i - m*b = -2*i + 54, 3*b - 10 = -i. What are the prime factors of i?
13
Suppose 6*a = 3*a + 69. List the prime factors of a.
23
Let u(h) = -h**3 + 7*h**2 + 2. List the prime factors of u(7).
2
Suppose -3*y - 32 = -3*k + y, 5*k = 2*y + 30. Suppose -3*l = l - 8. Suppose -3*b + 3*w + 30 = -0*w, l*b - 44 = -k*w. What are the prime factors of b?
2, 7
Suppose -l - 3*m - 10 = -5*l, 2*l - 2 = 3*m. Suppose 0 = -0*t - l*t + 60. What are the prime factors of t?
3, 5
Let l(d) = -d**3 + 9*d**2 + 3. Let m be l(9). Suppose -m*c + g = -37, 5*c = 6*c + 5*g - 23. What are the prime factors of c?
13
Let c(b) = -b + 11. Let n be c(8). Let d(s) = s**3 - 3*s**2 + 2*s + 3. What are the prime factors of d(n)?
3
Let q(r) be the third derivative of r**5/60 + r**4/6 - r**3/6 - 4*r**2. List the prime factors of q(-7).
2, 5
Let d(j) = j**3 + 14*j**2 + 19*j + 6. What are the prime factors of d(-10)?
2, 3
Let b(h) = -h**3 + 10*h**2 - 8*h - 3. Let g be b(9). Suppose -4*r - g = -5*r - 4*j, -11 = -r + j. What are the prime factors of r?
2, 5
Let c = 31 + 41. Suppose x - 39 = -3*m + 24, 3*m = -4*x + c. List the prime factors of m.
2, 5
Let r(t) = -t**3 - t**2 - 4*t - 3. Suppose 2*l + 1 = f, -4*l + 0 = -3*f - 1. Let h be r(f). What are the prime factors of 18*3*6/h?
2, 3
Let w(b) = b**3 - 7*b**2 + 9*b - 8. Let j(r) = 5*r + 1. Let l be j(1). Let a be w(l). Suppose a = 5*o - 0*o. List the prime factors of o.
2
Let i(s) = 15*s - 11. List the prime factors of i(5).
2
Let a be (-1)/(-4) - 326/(-8). Suppose q - 2*q = s - 2, 4*s = 3*q - a. What are the prime factors of q?
7
Suppose 3*k = -k - 456. What are the prime factors of (-2)/(3*4/k)?
19
Suppose r = -0*r. Suppose 0 = -5*b - r*b + 10. Suppose 0 = -t + 4*x + 6, -b*t + 3*x - x = -12. List the prime factors of t.
2, 3
What are the prime factors of (-3)/(-1)*(-14)/(-2)?
3, 7
Let t be (-2 - 6)*3/4. Let f be (-17 + -4)/(t/8). Suppose -4*k = -3*r - 26, 0*k + f = 3*k + 2*r. What are the prime factors of k?
2
What are the prime factors of (0/(-2) - 25/20)*-316?
5, 79
Let u = -3 - -6. List the prime factors of 7/u*(-6)/(-2).
7
Suppose -2*c - 2*o = 2*o - 316, 2*c - 4*o - 356 = 0. List the prime factors of c.
2, 3, 7
Suppose -3*h = 2*p - 20, p - 5*p + 4*h = 0. Let m = p + -3. Let v = 5 - m. What are the prime factors of v?
2
What are the prime factors of (-3 + 2)/(1/(-27))?
3
Let n = 25 + -21. Suppose -d - 39 = -i - 0*d, -n*d + 20 = 0. List the prime factors of i.
2, 11
Let n(j) = 68*j + 1. Let o be n(1). Suppose -o + 24 = -3*z. What are the prime factors of z?
3, 5
Suppose 5*h = 5*z + 305, 3*z + 0*h + 193 = h. Let f = z - -96. Suppose -3*l + f = 3. What are the prime factors of l?
3
Let d be (-2)/(-1) - 0 - 0. Let f be (3/4)/(1/4). Suppose -y + 4*y = 3*s + 3, 12 = d*y + f*s. List the prime factors of y.
3
Let f(i) = -i**2 + 3*i + 4. Let t be f(3). Suppose 2*s - 3*s = -t. Suppose -5*h + 51 = -s*v, -5*v - 2 - 15 = -2*h. What are the prime factors of h?
11
Suppose -4*u - 3*y + 142 = 0, u + y = 4*y + 28. List the prime factors of u.
2, 17
Let u(m) = -5*m + 60. What are the prime factors of u(-10)?
2, 5, 11
Suppose 7*q - 375 = 2*q. What are the prime factors of q?
3, 5
Let i = -2 + 5. Suppose i*l - 72 = -9. List the prime factors of l.
3, 7
Let q = 21 - 4. Suppose 0 = -5*r - 2*t + 21, -5*r + 2*r + t + q = 0. List the prime factors of r.
5
Let x = 9 - -17. Suppose h - x = -0*h. List the prime factors of h.
2, 13
Let d(f) = -9*f**3 - 4*f**2 - 3*f. What are the prime factors of d(-2)?
2, 31
Let k(b) = b**3 + 5*b**2 + 2*b. Let f be k(-3). Suppose 4*n - 20 = f. Suppose i - 14 = -4*i - x, -5*x - n = -i. What are the prime factors of i?
3
Suppose 0*l - 3*l = -51. Suppose 0 = -6*y + y + 90. Suppose 3*j - l = 2*s, -y = -2*j - 4*s + 4. List the prime factors of j.
7
Let m(y) = -y**2 + 4*y - 3. Let h be m(4). Let z be (-1)/h*(9 + -3). Suppose -f = -k - 1, 2*f + z*f - 3 = 5*k. List the prime factors of f.
2
Let d = 8 + -15. Let a = d - -14. List the prime factors of a.
7
Suppose i = -4*d + 8, -3*d - d = -4. Suppose 0 = i*s - 103 + 15. List the prime factors of s.
2, 11
Suppose 3*h - 2*l = l + 321, -3*h + 2*l = -319. What are the prime factors of h?
3, 5, 7
Let b = -18 - -18. Suppose j - 41 = -4*k, b*k + 2*k = 4*j + 16. List the prime factors of k.
2, 5
Suppose 0 = 6*i + 58 - 280. List the prime factors of i.
37
Suppose -2*b + 24 = 2*v, -b - 2*v + 4 = v. Let c be (b/10 + -2)*5. What are the prime factors of 8 + 2 + c + 2?
2, 5
Let f(a) = -a**3 - 10*a**2 - 10*a - 1. What are the prime factors of f(-9)?
2
Suppose 2*j = 5*w - 274, w - 3*j - 2*j = 41. What are the prime factors of w?
2, 7
Let d(l) = -5*l + 1. Suppose 0 = -5*v + 5*b - 35, v - 38 = -5*b - 15. List the prime factors of d(v).
11
Let g(a) = 4*a + 23. List the prime factors of g(10).
3, 7
Suppose 0 = -6*a - 5*a + 1210. List the prime factors of a.
2, 5, 11
What are the prime factors of (80/(-200))/((4/(-290))/2)?
2, 29
Let x be ((-1)/2)/((-5)/(-10)). What are the prime factors of 40 - (0/4 + x)?
41
List the prime factors of (61 + 1)*40/16.
5, 31
Let b be 22 + (1 - 2)*2. Suppose -b - 32 = -4*w. List the prime factors of w.
13
Let w(x) = -x**3 - 8*x**2 + 2. Let a be w(-8). Let u = 5 - -4. Suppose u = o + k, k - a = -1. What are the prime factors of o?
2
Suppose -2*f - 2*f + 5*b = -190, -5*b + 215 = 5*f. List the prime factors of f.
3, 5
Suppose -8*f + 7*f = -4. Suppose -f*c + 2*c = -36. Let v = c - 9. What are the prime factors of v?
3
Let r = -5 + 8. Suppose 2*x = 2*u + 10, r*x = 3*u - u + 16. Let c(i) = -i**3 + 5*i**2 + 8*i - 9. List the prime factors of c(x).
3
List the prime factors of 2/(-3) + (-1506)/(-18).
83
Let i be 150/5 - (-2)/(-2). Suppose j + 3*q = 20, -i = -3*j + q - 9. What are the prime factors of j?
2
Suppos